True
Does 677 divide 1164989?
False
Is 200 a factor of 9010000?
True
Is 73 a factor of 3047385?
True
Is 201 a factor of 1376042?
False
Does 107 divide 1588950?
True
Is 971153 a multiple of 351?
False
Is 2493420 a multiple of 26?
False
Is 58 a factor of 2475186?
False
Is 333641 a multiple of 491?
False
Does 13 divide 226719?
False
Is 66133 a multiple of 6?
False
Is 566 a factor of 310876?
False
Is 4002856 a multiple of 1144?
True
Is 192240 a multiple of 54?
True
Does 230 divide 42097?
False
Does 239 divide 11835041?
True
Is 385764 a multiple of 93?
True
Does 129 divide 496134?
True
Is 2 a factor of 250967?
False
Is 71728 a multiple of 5?
False
Does 1015 divide 7444948?
False
Does 48 divide 46995?
False
Is 771 a factor of 6214260?
True
Is 313571 a multiple of 113?
False
Is 4228552 a multiple of 11?
False
Does 23 divide 525148?
False
Is 88 a factor of 387041?
False
Is 36 a factor of 349308?
True
Is 742261 a multiple of 40?
False
Is 38 a factor of 348422?
True
Does 119 divide 888777?
False
Is 216 a factor of 702143?
False
Does 195 divide 62400?
True
Is 8 a factor of 90960?
True
Does 175 divide 3494575?
True
Is 38 a factor of 1225614?
True
Is 165 a factor of 83655?
True
Is 224387 a multiple of 37?
False
Does 28 divide 2769598?
False
Does 107 divide 95872?
True
Is 7 a factor of 95430?
False
Is 257 a factor of 4409666?
False
Does 115 divide 1671754?
False
Is 3 a factor of 29661?
True
Is 108 a factor of 204336?
True
Is 2390374 a multiple of 381?
False
Is 262352 a multiple of 76?
True
Is 96088 a multiple of 105?
False
Is 48 a factor of 8830128?
True
Is 1891077 a multiple of 32?
False
Does 2 divide 198103?
False
Is 92 a factor of 368?
True
Is 88 a factor of 584496?
True
Is 115 a factor of 30115740?
True
Does 48 divide 366480?
True
Is 172 a factor of 268148?
True
Is 272404 a multiple of 151?
True
Is 1163832 a multiple of 124?
False
Does 15 divide 2166259?
False
Is 14 a factor of 430876?
False
Is 8555889 a multiple of 35?
False
Does 301 divide 11962643?
True
Is 27266 a multiple of 38?
False
Does 43 divide 135227?
False
Is 72306 a multiple of 26?
True
Does 14 divide 6811?
False
Is 85 a factor of 866235?
True
Does 8 divide 602192?
True
Does 21 divide 596476?
False
Is 140 a factor of 693280?
True
Is 19089 a multiple of 26?
False
Is 2079420 a multiple of 21?
True
Is 1660080 a multiple of 652?
False
Is 98 a factor of 258235?
False
Is 24 a factor of 1927968?
True
Is 482355 a multiple of 81?
True
Does 87 divide 1813341?
True
Does 52 divide 59209?
False
Does 38 divide 68242?
False
Does 355 divide 361390?
True
Is 20 a factor of 9762440?
True
Is 188960 a multiple of 160?
True
Does 116 divide 18096?
True
Is 93112 a multiple of 226?
True
Is 1720526 a multiple of 38?
True
Does 232 divide 5742438?
False
Is 688000 a multiple of 20?
True
Does 113 divide 526402?
False
Is 287154 a multiple of 26?
False
Is 9 a factor of 5040339?
False
Is 4032864 a multiple of 1824?
True
Does 146 divide 273604?
True
Is 658083 a multiple of 366?
False
Is 10021520 a multiple of 10?
True
Is 24 a factor of 7902144?
True
Is 132458 a multiple of 21?
False
Is 3939660 a multiple of 387?
True
Is 68790 a multiple of 68?
False
Is 47 a factor of 3183100?
False
Is 11875159 a multiple of 35?
False
Does 19 divide 7048792?
False
Does 203 divide 59682?
True
Does 22 divide 76842?
False
Is 16 a factor of 84746?
False
Does 22 divide 66741?
False
Does 339 divide 8223123?
True
Does 33 divide 2923272?
True
Is 11 a factor of 1072940?
True
Is 80 a factor of 309238?
False
Does 17 divide 124127?
False
Does 63 divide 396585?
True
Is 16 a factor of 435312?
True
Is 25 a factor of 1139150?
True
Does 153 divide 240545?
False
Does 847 divide 1366269?
False
Is 587 a factor of 1866073?
True
Is 672 a factor of 5396160?
True
Is 271 a factor of 140649?
True
Is 164481 a multiple of 327?
True
Is 7086024 a multiple of 33?
True
Is 3 a factor of 20990?
False
Is 277550 a multiple of 25?
True
Is 932184 a multiple of 12?
True
Does 38 divide 2371339?
False
Is 692 a factor of 1915444?
False
Does 26 divide 18903?
False
Does 465 divide 186465?
True
Does 72 divide 59184?
True
Is 92 a factor of 280062?
False
Is 2768787 a multiple of 63?
True
Is 68 a factor of 1491988?
True
Is 319925 a multiple of 19?
False
Is 396 a factor of 86841?
False
Is 1962362 a multiple of 13?
False
Is 86339 a multiple of 4?
False
Is 327560 a multiple of 40?
True
Does 12 divide 1088208?
True
Is 1717447 a multiple of 920?
False
Does 369 divide 3410528?
False
Is 23 a factor of 169326?
True
Is 108 a factor of 222249?
False
Is 219660 a multiple of 20?
True
Is 10 a factor of 13676?
False
Does 50 divide 248418?
False
Is 797160 a multiple of 130?
True
Is 10 a factor of 701604?
False
Does 164 divide 142969?
False
Is 20 a factor of 26820?
True
Is 347786 a multiple of 386?
True
Does 13 divide 172601?
True
Is 3 a factor of 602586?
True
Is 37 a factor of 39913?
False
Is 921 a factor of 12090022?
False
Is 4353627 a multiple of 320?
False
Is 190 a factor of 760?
True
Is 4882613 a multiple of 5?
False
Is 164820 a multiple of 134?
True
Is 9 a factor of 67383?
True
Is 1389784 a multiple of 22?
True
Is 845348 a multiple of 120?
False
Is 13930100 a multiple of 8?
False
Does 193 divide 3988017?
False
Is 111 a factor of 1846421?
False
Is 3 a factor of 409452?
True
Does 12 divide 1672262?
False
Is 1271940 a multiple of 255?
True
Is 55 a factor of 202565?
True
Does 11 divide 5731539?
True
Is 1337603 a multiple of 133?
False
Is 575 a factor of 348792?
False
Is 253619 a multiple of 9?
False
Does 563 divide 384169?
False
Is 71 a factor of 115583?
False
Is 6034271 a multiple of 32?
False
Is 105 a factor of 61698?
False
Is 717 a factor of 6577123?
False
Is 153178 a multiple of 139?
True
Is 6740737 a multiple of 59?
False
Does 17 divide 727464?
True
Is 238099 a multiple of 88?
False
Does 2 divide 7052?
True
Does 4 divide 41247?
False
Does 27 divide 4796848?
False
Is 1558882 a multiple of 19?
False
Is 2543940 a multiple of 14?
True
Does 102 divide 14916?
False
Does 122 divide 3956826?
True
Is 1545 a factor of 3569136?
False
Is 1077335 a multiple of 35?
True
Does 13 divide 124111?
True
Does 13 divide 148876?
True
Is 5617160 a multiple of 1696?
False
Does 53 divide 2956923?
True
Is 44 a factor of 2544056?
False
Is 153065 a multiple of 10?
False
Is 11 a factor of 11673881?
False
Is 125827 a multiple of 621?
False
Is 10 a factor of 256124?
False
Is 797099 a multiple of 304?
False
Does 36 divide 330840?
True
Is 203 a factor of 2945008?
False
Is 233856 a multiple of 14?
True
Is 18 a factor of 200755?
False
Is 5 a factor of 420850?
True
Does 2 divide 3659?
False
Is 2 a factor of 470769?
False
Is 1783530 a multiple of 7?
True
Does 89 divide 131275?
True
Is 76 a factor of 949309?
False
Is 870157 a multiple of 262?
False
Does 67 divide 986242?
False
Is 2006592 a multiple of 168?
True
Is 25930 a multiple of 10?
True
Is 267 a factor of 388485?
True
Is 15 a factor of 194781?
False
Is 36 a factor of 506092?
False
Is 20 a factor of 459549?
False
Does 28 divide 203659?
False
Does 34 divide 208930?
True
Does 1344 divide 2322432?
True
Does 440 divide 1188732?
False
Is 20 a factor of 436677?
False
Is 112574 a multiple of 86?
True
Is 6 a factor of 364374?
True
Does 83 divide 1096423?
False
Does 261 divide 5652442?
False
Does 15 divide 133035?
True
Is 4659690 a multiple of 13?
False
Is 4 a factor of 2791?
False
Does 1239 divide 1592115?
True
Is 781471 a multiple of 557?
True
Does 62 divide 213280?
True
Is 27641640 a multiple of 12?
True
Is 212 a factor of 5094?
False
Does 6 divide 116037?
False
Is 1621150 a multiple of 850?
False
Is 3029 a multiple of 193?
False
Is 9299364 a multiple of 11?
False
Is 54996 a multiple of 485?
False
Is 264 a factor of 1517736?
True
Does 35 divide 12956?
False
Is 446160 a multiple of 858?
True
Is 198 a factor of 3212230?
False
Is 294 a factor of 1124256?
True
Does 4 divide 6167?
False
Is 6792594 a multiple of 402?
True
Is 1134463 a multiple of 17?
False
Is 84 a factor of 34317?
False
Is 441572 a multiple of 73?
False
Is 75801 a multiple of 12?
False
Is 30 a factor of 114088?
False
Is 2752750 a multiple of 455?
True
Is 10914816 a multiple of 304?
True
Does 15 divide 1361378?
False
Does 70 divide 15050?
True
Is 309824 a multiple of 2?
True
Does 9 divide 135810?
True
Is 21184 a multiple o